{"id":534,"date":"2018-03-12T09:45:09","date_gmt":"2018-03-12T08:45:09","guid":{"rendered":"http:\/\/karlnolte.de\/?page_id=534"},"modified":"2021-03-06T13:16:15","modified_gmt":"2021-03-06T12:16:15","slug":"buergermeisterwahl-ergebnisuebersicht","status":"publish","type":"page","link":"https:\/\/karlnolte.de\/?page_id=534","title":{"rendered":"Hammenstedt in alten und neuen Ansichten"},"content":{"rendered":"<p>Im Rahmen der Erstellung der Chronik des Dorfes Hammenstedt bem\u00fche ich mich seit Jahren um alte Ansichtskarten aus Hammenstedt. Inzwischen ist eine kleine Sammlung entstanden. Die Karten werde ich an dieser Stelle nach und nach ver\u00f6ffentlichen. Hier meine letzte Erwerbung.<br \/>\nZun\u00e4chst aber eine aktuelle Gesamt\u00fcbersicht<br \/>\n<img loading=\"lazy\" decoding=\"async\" class=\"alignnone size-large wp-image-1392\" src=\"http:\/\/karlnolte.de\/wp-content\/uploads\/2018\/12\/Hammenstedt-Panorama-DJI_0068_pano-1024x384.jpg\" alt=\"\" width=\"660\" height=\"248\" srcset=\"https:\/\/karlnolte.de\/wp-content\/uploads\/2018\/12\/Hammenstedt-Panorama-DJI_0068_pano-1024x384.jpg 1024w, https:\/\/karlnolte.de\/wp-content\/uploads\/2018\/12\/Hammenstedt-Panorama-DJI_0068_pano-300x113.jpg 300w, https:\/\/karlnolte.de\/wp-content\/uploads\/2018\/12\/Hammenstedt-Panorama-DJI_0068_pano-768x288.jpg 768w, https:\/\/karlnolte.de\/wp-content\/uploads\/2018\/12\/Hammenstedt-Panorama-DJI_0068_pano-619x232.jpg 619w\" sizes=\"auto, (max-width: 660px) 100vw, 660px\" \/><\/p>\n<p>Die \u00e4lteste Ansichtskarte meiner Sammlung wurde am 25.7.1899 versandt und war an Fr\u00e4ulein J. Schrader in Waake bei G\u00f6ttingen adressiert. Nachstehend die Vor- und R\u00fcckseite der Karte.<\/p>\n<p><img loading=\"lazy\" decoding=\"async\" class=\"alignnone size-full wp-image-561\" src=\"http:\/\/karlnolte.de\/wp-content\/uploads\/2018\/03\/1899_00002.jpg\" alt=\"\" width=\"724\" height=\"474\" srcset=\"https:\/\/karlnolte.de\/wp-content\/uploads\/2018\/03\/1899_00002.jpg 724w, https:\/\/karlnolte.de\/wp-content\/uploads\/2018\/03\/1899_00002-300x196.jpg 300w, https:\/\/karlnolte.de\/wp-content\/uploads\/2018\/03\/1899_00002-619x405.jpg 619w\" sizes=\"auto, (max-width: 724px) 100vw, 724px\" \/><\/p>\n<p><img loading=\"lazy\" decoding=\"async\" class=\"alignnone size-full wp-image-560\" src=\"http:\/\/karlnolte.de\/wp-content\/uploads\/2018\/03\/1899_00001.jpg\" alt=\"\" width=\"729\" height=\"470\" srcset=\"https:\/\/karlnolte.de\/wp-content\/uploads\/2018\/03\/1899_00001.jpg 729w, https:\/\/karlnolte.de\/wp-content\/uploads\/2018\/03\/1899_00001-300x193.jpg 300w, https:\/\/karlnolte.de\/wp-content\/uploads\/2018\/03\/1899_00001-619x399.jpg 619w\" sizes=\"auto, (max-width: 729px) 100vw, 729px\" \/><\/p>\n<p>Sie zeigt das Gasthaus zur Linde Anfang der 1950 Jahre. Damaliger P\u00e4chter war die Familie Hertel, die auch ein Fleischereigesch\u00e4ft betrieben hat.<\/p>\n<p><img loading=\"lazy\" decoding=\"async\" class=\"alignnone size-large wp-image-545\" src=\"http:\/\/karlnolte.de\/wp-content\/uploads\/2018\/03\/Gasthof-zur-Linde-um-1952-1-1024x673.jpg\" alt=\"\" width=\"660\" height=\"434\" srcset=\"https:\/\/karlnolte.de\/wp-content\/uploads\/2018\/03\/Gasthof-zur-Linde-um-1952-1-1024x673.jpg 1024w, https:\/\/karlnolte.de\/wp-content\/uploads\/2018\/03\/Gasthof-zur-Linde-um-1952-1-300x197.jpg 300w, https:\/\/karlnolte.de\/wp-content\/uploads\/2018\/03\/Gasthof-zur-Linde-um-1952-1-768x505.jpg 768w, https:\/\/karlnolte.de\/wp-content\/uploads\/2018\/03\/Gasthof-zur-Linde-um-1952-1-619x407.jpg 619w, https:\/\/karlnolte.de\/wp-content\/uploads\/2018\/03\/Gasthof-zur-Linde-um-1952-1.jpg 1625w\" sizes=\"auto, (max-width: 660px) 100vw, 660px\" \/><\/p>\n<p>Die zwei nachfolgenden um 1900 entstandenen Aufnahmen wurden von Dr. Rumann zur Verf\u00fcgung gestellt.<\/p>\n<p>Die erste Aufnahme zeigt eine Reisegesellschaft mit dem Rechtsanwalt Cuno Rumann aus Einbeck auf dem Wege nach Katlenburg. Man reiste mit einer Kutsche und machte im Gaushaus&#8220;Zum braunen Hirsch&#8220; Rast. Vor dem Gasthaus ist eine Vorrichtung zum Anbinden der Pferde zu sehen.<\/p>\n<p><img loading=\"lazy\" decoding=\"async\" class=\"alignnone size-full wp-image-583\" src=\"http:\/\/karlnolte.de\/wp-content\/uploads\/2018\/03\/Brauner-Hirsch-Rumann-II-1.jpg\" alt=\"\" width=\"600\" height=\"370\" srcset=\"https:\/\/karlnolte.de\/wp-content\/uploads\/2018\/03\/Brauner-Hirsch-Rumann-II-1.jpg 600w, https:\/\/karlnolte.de\/wp-content\/uploads\/2018\/03\/Brauner-Hirsch-Rumann-II-1-300x185.jpg 300w\" sizes=\"auto, (max-width: 600px) 100vw, 600px\" \/><\/p>\n<p>Dieses Foto zeigt die Situation des Platzes vor der alten Molkerei um 1900. Das Haus rechts im Bild ist kurze Zeit sp\u00e4ter abgebrannt und wurde nicht wieder aufgebaut. In dem Bereich wurde sp\u00e4ter das Molkereigeb\u00e4ude errichtet.<\/p>\n<p><img loading=\"lazy\" decoding=\"async\" class=\"alignnone size-full wp-image-584\" src=\"http:\/\/karlnolte.de\/wp-content\/uploads\/2018\/03\/Rumann-Haus-Nr.-52-1.jpg\" alt=\"\" width=\"565\" height=\"367\" srcset=\"https:\/\/karlnolte.de\/wp-content\/uploads\/2018\/03\/Rumann-Haus-Nr.-52-1.jpg 565w, https:\/\/karlnolte.de\/wp-content\/uploads\/2018\/03\/Rumann-Haus-Nr.-52-1-300x195.jpg 300w\" sizes=\"auto, (max-width: 565px) 100vw, 565px\" \/><\/p>\n<p><img loading=\"lazy\" decoding=\"async\" class=\"alignnone size-full wp-image-605\" src=\"http:\/\/karlnolte.de\/wp-content\/uploads\/2018\/04\/1904-25.-2.-Postkarte.jpg\" alt=\"\" width=\"768\" height=\"519\" srcset=\"https:\/\/karlnolte.de\/wp-content\/uploads\/2018\/04\/1904-25.-2.-Postkarte.jpg 768w, https:\/\/karlnolte.de\/wp-content\/uploads\/2018\/04\/1904-25.-2.-Postkarte-300x203.jpg 300w, https:\/\/karlnolte.de\/wp-content\/uploads\/2018\/04\/1904-25.-2.-Postkarte-619x418.jpg 619w\" sizes=\"auto, (max-width: 768px) 100vw, 768px\" \/><\/p>\n<p>Diese Karte, die eine Totalansicht des Dorfes und das Gasthaus &#8222;Zum braunen Hirsch&#8220; zeigt, wurde im Jahre 1904 versandt.<\/p>\n<p>Die im Jahre 1911 versandte Karte zeigt oben das im Jahre 1904 errichtete Gasthaus \u201eZur Linde\u201c und unten den im Jahre 1907 er\u00f6ffnete Bahnhof Hammenstedt.<\/p>\n<p>Das Gasthaus \u201eZur Linde\u201c befand sich zuvor im Hause \u201eIn der Linde Nr. 6 \u201c und ist auf der nachfolgenden Karte zu sehen. Es f\u00fchrte s. Zt. die Bezeichnung \u201eGastwirtschaft August Keune\u201c. Ende Oktober 1903 fielen Scheune und Nebengeb\u00e4ude dieses Hauses einem Brand zum Opfer. Das war wohl der Anlass, direkt an der Bundesstra\u00dfe ein neues Geb\u00e4ude zu errichten.<br \/>\n<img loading=\"lazy\" decoding=\"async\" class=\"alignnone size-full wp-image-643\" src=\"http:\/\/karlnolte.de\/wp-content\/uploads\/2018\/04\/1911-10.-4.-Postkarte.jpg\" alt=\"\" width=\"559\" height=\"768\" srcset=\"https:\/\/karlnolte.de\/wp-content\/uploads\/2018\/04\/1911-10.-4.-Postkarte.jpg 559w, https:\/\/karlnolte.de\/wp-content\/uploads\/2018\/04\/1911-10.-4.-Postkarte-218x300.jpg 218w\" sizes=\"auto, (max-width: 559px) 100vw, 559px\" \/><img loading=\"lazy\" decoding=\"async\" class=\"alignnone size-full wp-image-650\" src=\"http:\/\/karlnolte.de\/wp-content\/uploads\/2018\/04\/1912-Postkarte.jpg\" alt=\"\" width=\"768\" height=\"518\" srcset=\"https:\/\/karlnolte.de\/wp-content\/uploads\/2018\/04\/1912-Postkarte.jpg 768w, https:\/\/karlnolte.de\/wp-content\/uploads\/2018\/04\/1912-Postkarte-300x202.jpg 300w, https:\/\/karlnolte.de\/wp-content\/uploads\/2018\/04\/1912-Postkarte-619x418.jpg 619w\" sizes=\"auto, (max-width: 768px) 100vw, 768px\" \/><img loading=\"lazy\" decoding=\"async\" src=\"http:\/\/karlnolte.de\/wp-content\/uploads\/2018\/04\/1912-Postkarte-Gasthaus-zur-Linde-Ausschnitt.jpg\" alt=\"\" width=\"323\" height=\"269\" \/><br \/>\nim Jahre 1912 versandte Ansichtskarte zeigt links das Gasthasu &#8222;Zun Braunen Hirsch &#8220; und rechts einen Blick auf die Kirche aus Richtung Butterteich<br \/>\n<img loading=\"lazy\" decoding=\"async\" class=\"alignnone size-full wp-image-677\" src=\"http:\/\/karlnolte.de\/wp-content\/uploads\/2018\/04\/1912-28.-4.-Postkarte.jpg\" alt=\"\" width=\"768\" height=\"508\" srcset=\"https:\/\/karlnolte.de\/wp-content\/uploads\/2018\/04\/1912-28.-4.-Postkarte.jpg 768w, https:\/\/karlnolte.de\/wp-content\/uploads\/2018\/04\/1912-28.-4.-Postkarte-300x198.jpg 300w, https:\/\/karlnolte.de\/wp-content\/uploads\/2018\/04\/1912-28.-4.-Postkarte-619x409.jpg 619w\" sizes=\"auto, (max-width: 768px) 100vw, 768px\" \/><br \/>\nDer heutige Blick aus Richtung Butterteich<br \/>\n<img loading=\"lazy\" decoding=\"async\" class=\"alignnone size-large wp-image-678\" src=\"http:\/\/karlnolte.de\/wp-content\/uploads\/2018\/04\/Butterteich-IMG_0018-768x1024.jpg\" alt=\"\" width=\"660\" height=\"880\" srcset=\"https:\/\/karlnolte.de\/wp-content\/uploads\/2018\/04\/Butterteich-IMG_0018-768x1024.jpg 768w, https:\/\/karlnolte.de\/wp-content\/uploads\/2018\/04\/Butterteich-IMG_0018-225x300.jpg 225w, https:\/\/karlnolte.de\/wp-content\/uploads\/2018\/04\/Butterteich-IMG_0018-619x825.jpg 619w\" sizes=\"auto, (max-width: 660px) 100vw, 660px\" \/><\/p>\n<p>Das Foto zeigt die sogen.&#8220; B\u00fcschekomission&#8220; des Northeimer Sch\u00fctzenfestes von 1912 vor dem Gasthasu &#8222;Zur Linde&#8220; in Hammenstedt. Das Gremium war f\u00fcr die Beschaffung des Gr\u00fcnschmuckes f\u00fcr die Stadt Northeim aus Anlass des Sch\u00fctzenfestes zust\u00e4ndig. Es geh\u00f6rte fr\u00fcher zur Tradition des Northeimer Sch\u00fctzenfestes, dass beim sogen. B\u00fcschefahren in in Hammenstedt Station gemacht wurde.<br \/>\n<img loading=\"lazy\" decoding=\"async\" class=\"alignnone size-large wp-image-694\" src=\"http:\/\/karlnolte.de\/wp-content\/uploads\/2018\/05\/1912-B\u00fcschekommision-Gasthasu-Line-1024x748.jpg\" alt=\"\" width=\"660\" height=\"482\" srcset=\"https:\/\/karlnolte.de\/wp-content\/uploads\/2018\/05\/1912-B\u00fcschekommision-Gasthasu-Line-1024x748.jpg 1024w, https:\/\/karlnolte.de\/wp-content\/uploads\/2018\/05\/1912-B\u00fcschekommision-Gasthasu-Line-300x219.jpg 300w, https:\/\/karlnolte.de\/wp-content\/uploads\/2018\/05\/1912-B\u00fcschekommision-Gasthasu-Line-768x561.jpg 768w, https:\/\/karlnolte.de\/wp-content\/uploads\/2018\/05\/1912-B\u00fcschekommision-Gasthasu-Line-619x452.jpg 619w, https:\/\/karlnolte.de\/wp-content\/uploads\/2018\/05\/1912-B\u00fcschekommision-Gasthasu-Line.jpg 1325w\" sizes=\"auto, (max-width: 660px) 100vw, 660px\" \/><\/p>\n<p>Die nachfolgendevorstehende Ansichtskarte erinnert an die Anwesenheit von Kriegsgefangenen im 1. Weltkrieg in Hammenstedt. Der Absender der Karte schreibt Folgendes: Hammenstedt, den 12.7.16 Geehrter Herr Lehrer u. Familie. Seit dem 4.7. befinde ich mich hier auf Kommando. Ich habe 8 franz\u00f6sische Gefangene, die sind bei 5 Landwirten untergebracht. Au\u00dferdem sind noch 21 Gefangene hier ohne Bewachung. Es ist hier doch besser als auf dem Kalischache, aber besser noch zu Hause. Es ist ein Dorf von 600 Einwohnern. Es wird viel Tabak und Zuckerr\u00fcben hier gebaut. Die besten Gr\u00fc\u00dfe H. Pfister<\/p>\n<p><img loading=\"lazy\" decoding=\"async\" class=\"alignnone size-full wp-image-763\" src=\"http:\/\/karlnolte.de\/wp-content\/uploads\/2018\/06\/1916-Ansichtskarte-Gasthaus-Keune_00001.jpg\" alt=\"\" width=\"743\" height=\"452\" srcset=\"https:\/\/karlnolte.de\/wp-content\/uploads\/2018\/06\/1916-Ansichtskarte-Gasthaus-Keune_00001.jpg 743w, https:\/\/karlnolte.de\/wp-content\/uploads\/2018\/06\/1916-Ansichtskarte-Gasthaus-Keune_00001-300x183.jpg 300w, https:\/\/karlnolte.de\/wp-content\/uploads\/2018\/06\/1916-Ansichtskarte-Gasthaus-Keune_00001-619x377.jpg 619w\" sizes=\"auto, (max-width: 743px) 100vw, 743px\" \/><img loading=\"lazy\" decoding=\"async\" class=\"alignnone size-full wp-image-764\" src=\"http:\/\/karlnolte.de\/wp-content\/uploads\/2018\/06\/1916-Zur-Linde-R\u00fcckseite.jpg\" alt=\"\" width=\"770\" height=\"481\" srcset=\"https:\/\/karlnolte.de\/wp-content\/uploads\/2018\/06\/1916-Zur-Linde-R\u00fcckseite.jpg 770w, https:\/\/karlnolte.de\/wp-content\/uploads\/2018\/06\/1916-Zur-Linde-R\u00fcckseite-300x187.jpg 300w, https:\/\/karlnolte.de\/wp-content\/uploads\/2018\/06\/1916-Zur-Linde-R\u00fcckseite-768x480.jpg 768w, https:\/\/karlnolte.de\/wp-content\/uploads\/2018\/06\/1916-Zur-Linde-R\u00fcckseite-619x387.jpg 619w\" sizes=\"auto, (max-width: 770px) 100vw, 770px\" \/><\/p>\n<p>Gasthaus &#8222;Zur Linde&#8220; um 1919 mit R\u00fcckseitze der Ansichtskarte<br \/>\n<img loading=\"lazy\" decoding=\"async\" class=\"alignnone size-large wp-image-794\" src=\"http:\/\/karlnolte.de\/wp-content\/uploads\/2018\/07\/1919-Gasthaus-z.-Linde-30.7.1919-1024x666.jpg\" alt=\"\" width=\"660\" height=\"429\" srcset=\"https:\/\/karlnolte.de\/wp-content\/uploads\/2018\/07\/1919-Gasthaus-z.-Linde-30.7.1919-1024x666.jpg 1024w, https:\/\/karlnolte.de\/wp-content\/uploads\/2018\/07\/1919-Gasthaus-z.-Linde-30.7.1919-300x195.jpg 300w, https:\/\/karlnolte.de\/wp-content\/uploads\/2018\/07\/1919-Gasthaus-z.-Linde-30.7.1919-768x500.jpg 768w, https:\/\/karlnolte.de\/wp-content\/uploads\/2018\/07\/1919-Gasthaus-z.-Linde-30.7.1919-619x403.jpg 619w\" sizes=\"auto, (max-width: 660px) 100vw, 660px\" \/><\/p>\n<p><img loading=\"lazy\" decoding=\"async\" class=\"alignnone size-large wp-image-797\" src=\"http:\/\/karlnolte.de\/wp-content\/uploads\/2018\/07\/1919-Gasthaus-z.-Linde-30.7.1919-R\u00fcckseite-1024x690.jpg\" alt=\"\" width=\"660\" height=\"445\" srcset=\"https:\/\/karlnolte.de\/wp-content\/uploads\/2018\/07\/1919-Gasthaus-z.-Linde-30.7.1919-R\u00fcckseite-1024x690.jpg 1024w, https:\/\/karlnolte.de\/wp-content\/uploads\/2018\/07\/1919-Gasthaus-z.-Linde-30.7.1919-R\u00fcckseite-300x202.jpg 300w, https:\/\/karlnolte.de\/wp-content\/uploads\/2018\/07\/1919-Gasthaus-z.-Linde-30.7.1919-R\u00fcckseite-768x518.jpg 768w, https:\/\/karlnolte.de\/wp-content\/uploads\/2018\/07\/1919-Gasthaus-z.-Linde-30.7.1919-R\u00fcckseite-619x417.jpg 619w\" sizes=\"auto, (max-width: 660px) 100vw, 660px\" \/><\/p>\n<p>Der &#8222;Braune Hirsch&#8220; noch im vollem Glanz<br \/>\n<img loading=\"lazy\" decoding=\"async\" class=\"alignnone size-full wp-image-1394\" src=\"http:\/\/karlnolte.de\/wp-content\/uploads\/2018\/12\/AK-Hammenstedt-Gasthaus-Brauner-Hirsch-Aussen-und-Innenansichten-bearb..jpg\" alt=\"\" width=\"575\" height=\"402\" srcset=\"https:\/\/karlnolte.de\/wp-content\/uploads\/2018\/12\/AK-Hammenstedt-Gasthaus-Brauner-Hirsch-Aussen-und-Innenansichten-bearb..jpg 575w, https:\/\/karlnolte.de\/wp-content\/uploads\/2018\/12\/AK-Hammenstedt-Gasthaus-Brauner-Hirsch-Aussen-und-Innenansichten-bearb.-300x210.jpg 300w\" sizes=\"auto, (max-width: 575px) 100vw, 575px\" \/><\/p>\n<p>Der traurige Rest im Jahre 2018<br \/>\n<img loading=\"lazy\" decoding=\"async\" class=\"alignnone size-large wp-image-1396\" src=\"http:\/\/karlnolte.de\/wp-content\/uploads\/2018\/12\/2006-Brauner-Hirsch-Abriss-28.11.-2006-IMG_0113-1024x768.jpg\" alt=\"\" width=\"660\" height=\"495\" srcset=\"https:\/\/karlnolte.de\/wp-content\/uploads\/2018\/12\/2006-Brauner-Hirsch-Abriss-28.11.-2006-IMG_0113-1024x768.jpg 1024w, https:\/\/karlnolte.de\/wp-content\/uploads\/2018\/12\/2006-Brauner-Hirsch-Abriss-28.11.-2006-IMG_0113-300x225.jpg 300w, https:\/\/karlnolte.de\/wp-content\/uploads\/2018\/12\/2006-Brauner-Hirsch-Abriss-28.11.-2006-IMG_0113-768x576.jpg 768w, https:\/\/karlnolte.de\/wp-content\/uploads\/2018\/12\/2006-Brauner-Hirsch-Abriss-28.11.-2006-IMG_0113-619x464.jpg 619w\" sizes=\"auto, (max-width: 660px) 100vw, 660px\" \/><\/p>\n","protected":false},"excerpt":{"rendered":"<p>Im Rahmen der Erstellung der Chronik des Dorfes Hammenstedt bem\u00fche ich mich seit Jahren um alte Ansichtskarten aus Hammenstedt. Inzwischen ist eine kleine Sammlung entstanden. Die Karten werde ich an dieser Stelle nach und nach ver\u00f6ffentlichen. Hier meine letzte Erwerbung. Zun\u00e4chst aber eine aktuelle Gesamt\u00fcbersicht Die \u00e4lteste Ansichtskarte meiner Sammlung wurde am 25.7.1899 versandt und [&hellip;]<\/p>\n","protected":false},"author":1,"featured_media":0,"parent":0,"menu_order":0,"comment_status":"closed","ping_status":"closed","template":"","meta":{"footnotes":""},"class_list":["post-534","page","type-page","status-publish","hentry"],"_links":{"self":[{"href":"https:\/\/karlnolte.de\/index.php?rest_route=\/wp\/v2\/pages\/534","targetHints":{"allow":["GET"]}}],"collection":[{"href":"https:\/\/karlnolte.de\/index.php?rest_route=\/wp\/v2\/pages"}],"about":[{"href":"https:\/\/karlnolte.de\/index.php?rest_route=\/wp\/v2\/types\/page"}],"author":[{"embeddable":true,"href":"https:\/\/karlnolte.de\/index.php?rest_route=\/wp\/v2\/users\/1"}],"replies":[{"embeddable":true,"href":"https:\/\/karlnolte.de\/index.php?rest_route=%2Fwp%2Fv2%2Fcomments&post=534"}],"version-history":[{"count":24,"href":"https:\/\/karlnolte.de\/index.php?rest_route=\/wp\/v2\/pages\/534\/revisions"}],"predecessor-version":[{"id":1688,"href":"https:\/\/karlnolte.de\/index.php?rest_route=\/wp\/v2\/pages\/534\/revisions\/1688"}],"wp:attachment":[{"href":"https:\/\/karlnolte.de\/index.php?rest_route=%2Fwp%2Fv2%2Fmedia&parent=534"}],"curies":[{"name":"wp","href":"https:\/\/api.w.org\/{rel}","templated":true}]}}